) be the third derivative of p**4/12 - 7*p**3/2 + 73*p**2 + 2*p. Calculate z(17).
13
Let s(y) = y**2 + 8*y + 6. Let u(n) = n**3 + 4*n**2 + 2*n + 6. Let i be u(-7). Let l = i + 149. Calculate s(l).
-6
Let l = -185 + 187. Let j(k) be the first derivative of k**2 - 5 - l*k + 2/3*k**3. Calculate j(2).
10
Let d(c) = -c**2 + 2. Let r be ((-2)/(-2))/(-1) + (-24)/(-8). Suppose 3*z - s = -r*s - 12, s = -5*z - 22. What is d(z)?
-23
Let l(t) = 4*t - 17. Let v be l(8). Suppose 5*s = -3*g - 5, 5*g = -2*s - 6 - v. Let a(u) = -4*u**2 + 4*u - 2. What is a(s)?
-10
Let m(z) = z**2 + 12*z + 10. Suppose -5*d - 5*k - 3 - 72 = 0, -54 = 5*d - 2*k. What is m(d)?
10
Let t(n) = n**2 - n. Let g(q) = 3*q**2 - 6*q - 8. Let s(p) = -g(p) + 2*t(p). Let a = 5 + 2. Suppose a + 23 = 5*i. Give s(i).
-4
Let d = -854 + 862. Let g(y) = -y**3 + 8*y**2 - y + 6. Calculate g(d).
-2
Let z(p) = p**3 + 3*p**2 + 12*p + 20. Let q be z(-2). Let y(a) = 4*a**2 + 10. Let o(m) = m**2 + 1. Let l(w) = 5*o(w) - y(w). Determine l(q).
-5
Let g(o) = 2 + 3*o - 5 - 1 + 6 + 1. Calculate g(-11).
-30
Suppose 16*d = -21*d - 296. Let r(s) = -s**2 - 8*s - 12. What is r(d)?
-12
Suppose 0 = 3*o + 2*q - 14, 5*o - 4*q - 20 - 18 = 0. Let x(z) = 0*z - 2*z**2 - 4*z**2 + 6*z + 5*z**2 - 8. Calculate x(o).
-8
Let x(d) = 0*d**2 - 560 + 2*d**2 + 12*d - 5*d**2 + 579. What is x(5)?
4
Let o(u) = -u**3 + 7*u**2 + 6*u + 13. Let r be 2/8 + 403/52. Let p be o(r). Let j(g) = 2*g + 2. What is j(p)?
-4
Let v(i) = i**3 + 5*i**2 - i - 5. Let h be 5 + (-3 + 6)/1. Let g(k) = -k + 30. Let w(p) = -3*p + 59. Let z(m) = -5*g(m) + 3*w(m). Let y be z(h). Determine v(y).
0
Let r(h) = 5*h - 4. Let j(b) = -12 + 298*b - 9 - 272*b. Let g(z) = -2*j(z) + 11*r(z). Calculate g(4).
10
Let x(q) = 2*q**3 + 4*q**2 + 2*q - 2. Suppose -5*c + 5 = 0, -3*c = z + z - 181. Suppose -97 + z = 4*y. Give x(y).
-6
Let h(l) = -l**2 - 8*l - 5. Suppose -80 = 4*y - 2*y + 3*z, -2*z = -2*y - 100. Let x = 39 + y. What is h(x)?
2
Suppose f = -f. Let v(h) = -h**3 + h**2 - 2*h + 4. Let t be v(f). Let z(q) = -q**2 + 5*q - 5. What is z(t)?
-1
Let b(t) be the second derivative of -t**3/3 - 5*t**2 - 2*t. Let q be b(-5). Let s be 0 + (q - (-2 + 3)). Let n(x) = 3*x**2. Calculate n(s).
3
Let d(k) be the first derivative of 11*k**4/4 + k - 123. Give d(1).
12
Let y(v) = -31*v**3 - 5*v**2 - 8*v + 38. Let w(m) = -92*m**3 - 14*m**2 - 23*m + 108. Let i(t) = -6*w(t) + 17*y(t). Calculate i(1).
24
Let l(c) = 2*c + 14. Suppose -20 = -12*s - 92. Determine l(s).
2
Let q(t) = t**3 - 4*t**2 + 2*t - 4. Suppose -31*v + 38 = -86. Give q(v).
4
Let w(y) = -y**3 + 6*y**2 + 8*y - 12. Suppose -15*a + 35 = -10*a. What is w(a)?
-5
Let p(q) = q**2 + 2*q - 3. Let n be p(-3). Suppose 4*h = -m - 2, -m + 4*m + 3*h = 12. Let k(a) = m - 1 + a + 2 - 3. Determine k(n).
4
Let y(a) = 5*a - 3*a - 4*a - 21 + 5*a + a**2. Let t be y(-6). Let d(i) = i**2 - i - 2. What is d(t)?
10
Let p = -7 + 17. Let y(i) = i - 8*i - i**2 + 4*i - 2*i + p. Give y(-7).
-4
Let h(w) = -5*w. Let c = -41 - -37. Calculate h(c).
20
Let a = -24 + 24. Suppose a = -12*i + 8*i. Let c(k) = k**3 - k**2 - k + 3. Calculate c(i).
3
Let r(j) = 3*j**2 - 924 - 5*j + 0*j + 915. Let q(y) = -7*y**2 + 10*y + 19. Let c(a) = -2*q(a) - 5*r(a). What is c(5)?
7
Let o = -336 + 184. Let y = o - -160. Let w(q) = q**2 - 9*q + 3. Determine w(y).
-5
Let l(p) be the first derivative of 0*p**2 + p**4 + 1/3*p**3 - 13 - p. Determine l(1).
4
Let r(o) = -2*o**3 - 7*o**2 + 7*o + 3. Let u(y) = -y**3 - 4*y**2 + 4*y + 3. Let i(t) = -3*r(t) + 5*u(t). Determine i(0).
6
Let c(y) = -y**2 - 1. Let u(g) = g**3 - 4*g**2 - 3*g - 6. Let l(m) = 2*c(m) - u(m). What is l(3)?
4
Let b(y) = 4*y**2 - 1. Let z(u) = 17*u**2 - 15*u + 33. Let h(n) = -4*b(n) + z(n). Determine h(12).
1
Suppose 3*x + 20*d = 19*d + 21, -3*d = 4*x - 33. Let y(g) = g - 2. What is y(x)?
4
Let z(o) = -o**3 - 31*o**2 - 60*o - 63. Let a be z(-29). Let j(s) = s + 16. What is j(a)?
11
Let r(z) be the second derivative of -z**5/20 + 7*z**4/12 - 7*z**3/6 - z**2/2 + z. Suppose -26*j - 144 = -30*j. Let s = j - 30. What is r(s)?
-7
Let a(o) be the first derivative of -o**6/120 + o**5/15 + o**3/2 - 8*o**2 - 13. Let v(j) be the second derivative of a(j). Calculate v(3).
12
Let h(o) = -o**3 - o**2 + 4*o - 1. Suppose -f + 5*m - 14 = 0, -2*f - 5*m + 18 = -4*f. Let q be 3/(((-10)/f)/(-5)). Let t(d) = d + 3. Let s be t(q). Give h(s).
5
Let k(v) = -v + 7. Let r be (-24)/(-2)*8/6. Suppose 2*j = -j + 6. Suppose 4*i + 2*f - r = 0, -4*i + j*f + 29 = i. Determine k(i).
2
Let y(s) = -152 + 0*s**2 + 149 + s**2 - 2*s. Let u be y(-2). Let f(b) = -2*b - 4. What is f(u)?
-14
Let w(c) = 4*c**3 + 4*c**2 - 4*c + 2. Suppose 0 = -n + 4, -30 = 2*y - 3*n - 2*n. Let m(a) = a**3 + a**2 - a. Let r(q) = y*m(q) + w(q). What is r(0)?
2
Let i(s) = -16*s + 18. Let o be i(6). Let m = 73 + o. Let u(l) be the first derivative of -l**3/3 - 3*l**2 - 7*l + 1. Calculate u(m).
-2
Let t = -5 - -10. Suppose 4*x = 5*j - 30, -j = 4*x + 10 + 8. Let v(z) = -2*z**3 - 6*z + 11*z + z**3 - 1 + 4*z**j. Determine v(t).
-1
Let a(w) = -w**3 + w**2 - w. Suppose 0 = -11*u + 3*u + 120. Let x(y) = y**2 - 17*y + 32. Let g be x(u). Determine a(g).
-6
Let g(i) = i**3 + 3*i**2 - 4*i + 1. Suppose -5*v = -0*u + 4*u - 28, 0 = -5*u + 3*v - 2. Suppose -3*p = -u*p - 5. Suppose 9 = -k + p. Give g(k).
1
Let j(c) = -6*c**2 + 2. Let d be (-14)/12 + 220/(-264). What is j(d)?
-22
Let w be (-3)/3 + (-6)/(-3). Suppose -d = -0 - w. Let g(t) = 30*t + 21*t - d - 49*t. Calculate g(-4).
-9
Let d(c) = -c**2 + 6*c - 4. Let r = 1 + 8. Suppose 3*z = 3 - 18. Let j = z + r. Calculate d(j).
4
Let b(r) be the first derivative of -1/4*r**4 + 8*r + 4 + 0*r**2 - 1/3*r**3. Suppose 5*l = -0*l. What is b(l)?
8
Let v(a) = 45 - 40 - 3*a + 2*a. Suppose 0 = 5*n - 36 + 11. Calculate v(n).
0
Let q(g) be the second derivative of -g**4/6 + 3*g**3/2 - g**2 + 27*g. Give q(6).
-20
Suppose 21*q - 18*q = -15. Let a(v) be the third derivative of v**5/60 + v**4/4 - 2*v**3/3 + v**2. Give a(q).
-9
Let x be 1 + 0 + 4 - (0 - -3). Suppose -k - 3 - x = -2*r, -r - k = -7. Let s(g) = g - 1. Give s(r).
3
Let y(k) = -k + 17 + 2*k - 17 + 6. Let g be y(0). Let h(l) = -l**2 + 5*l - 4. Calculate h(g).
-10
Let l(p) = -23*p**2 + 2*p - 1. Suppose -34*j = 57*j - 91. What is l(j)?
-22
Let w = -293 + 286. Let t(x) = 2*x**2 + 10*x + 6. What is t(w)?
34
Let u(l) be the first derivative of l**3/3 - l**2 - 4*l - 397. Let z be 1*3*(2 + -3). Calculate u(z).
11
Suppose -3*x + 3 - 15 = 0. Let b(a) be the first derivative of a**4/4 + 4*a**3/3 + 5*a + 143. Determine b(x).
5
Let i(s) be the second derivative of s - 5/6*s**3 - 1/12*s**4 + 7/2*s**2 + 0. Determine i(-6).
1
Let i be ((-4)/16)/((-1)/20). Let x = i - 3. Suppose -6*l + x*l = 4*m, l + 16 = -5*m. Let d(b) = -b**3 - 5*b**2 - 2*b - 2. What is d(m)?
-10
Let y(a) = -a**3 - 2*a**2 + 1. Let r = -20 + 23. Suppose 0 = 2*o - 3*d + d, -5*d + r = -2*o. Let t be (6*-1)/3 + o. What is y(t)?
0
Let g(h) = -4*h**2 + 5*h + 3. Let j be g(3). Let q be ((-4)/12)/((-2)/j). Let b(r) = -r**3 - 2*r**2 + 2*r - 4. What is b(q)?
-1
Let q(w) = w + 10. Suppose -37*j + 49*j = -144. Calculate q(j).
-2
Suppose -b + 11 = 2*j + j, 5*j + 4*b = 23. Let x(u) = 11 - 6 + 5*u - u**j - 2*u**2 + 6*u**2. Give x(5).
5
Let w(m) = m - 6*m + 4*m - 1 - 16. Determine w(-11).
-6
Let n(u) be the third derivative of -u**6/120 + u**5/30 + 7*u**4/24 - u**3 + u**2. Let c = -7084 + 7088. Give n(c).
-10
Let i(o) be the third derivative of o**5/60 + o**4/4 + o**3/2 - 223*o**2. Suppose 3*y + 2*v = -2, -2*v = -y - 9 + 3. Let z = y - 4. Determine i(z).
3
Let q(f) = 4*f - 39. Let a be q(10). Let u(t) = 24*t - 1. Calculate u(a).
23
Let p(o) = -3*o**2 + o. Suppose -1 = k - 3. Let q(c) = 2 + c**2 - 4*c - c**2 + c**k. Let n be q(4). Give p(n).
-10
Let b be (-2)/(-5)*85/(-34). Let x be (-6*(0 - -1))/b. Let a(o) = -o**2 + 8*o - 8. Calculate a(x).
4
Let r be (-15 + 13)*(-27)/(-2). Let h = r - -25. Let q(g) = 7*g + 3. Determine q(h).
-11
Let r(m) = -m + 33. Let y be 6/(-20)*-68 + (-64)/160. Calculate r(y).
13
Let d(c) be the third derivative of c**5/60 + c**4/24 + c**3/6 + 7*c**2. Let u(s) = 6*s + 4*s**2 - 5 - 10*s - s**2. Let p(h) = -4*d(h) - u(h). Give p(1).
-6
Let s(b) be the first derivative of -b**6/360 + b**5/60 + b**4/6 - 10*b**3/3 - 6. Let z(r) be the third derivative of s